The Vines Weather
The Vines, Western Australia
Language:  English
Updated22/07/2024 01:18 
 

Station Report

Select a Year or Month report
2024: Jan Feb Mar Apr May Jun Jul Aug Sep Oct Nov Dec
2023: Jan Feb Mar Apr May Jun Jul Aug Sep Oct Nov Dec

Report for 2024 March

Daily noaa report




                            MONTHLY CLIMATOLOGICAL SUMMARY for MAR. 2024

NAME:    CITY:  STATE: 
ELEV:  LAT:  LONG: 

                            TEMPERATURE ( °C), RAIN (mm), WIND SPEED (kmh)

                                               HEAT     COOL           AVG
      MEAN                                     DEG      DEG            WIND                       DOM
DAY   TEMP    HIGH   TIME     LOW    TIME      DAYS     DAYS    RAIN   SPEED    HIGH    TIME      DIR
--------------------------------------------------------------------------------------------------------
01    26.8    34.8   16:01    19.2   06:46     00.0     08.5    00.0   04.3     31.4    21:29     ENE
02    24.9    29.6   16:08    19.9   06:59     00.0     06.6    00.0   09.0     46.3    21:22     ENE
03    29.2    36.9   17:34    25.1   06:58     00.0     10.9    00.0   06.8     40.7    01:27      NE
04    24.1    30.3   15:06    20.2   23:13     00.0     05.8    00.0   02.8     22.2    16:01      SW
05    26.2    35.1   15:29    17.9   06:49     00.0     07.9    00.0   02.5     25.9    22:43      E 
06    25.6    33.1   15:28    18.8   05:22     00.0     07.3    00.0   04.9     31.4    10:33     ENE
07    28.8    37.4   15:47    22.1   06:28     00.0     10.5    00.0   03.4     22.2    10:49     ENE
08    25.5    30.2   14:06    18.2   00:00     00.0     07.2    04.6   03.6     25.9    16:20      SW
09    19.8    29.3   15:24    11.1   06:44     00.0     01.5    00.0   01.9     18.5    17:10     SSW
10    21.6    31.4   15:13    14.4   00:31     00.0     03.3    00.0   02.3     18.5    09:57      SE
--------------------------------------------------------------------------------------------------------
25.2 (25.8)   37.4  day 07     11.1  day 09   000.0    069.5   004.6   04.2     46.3   day 03     ENE
Max >  30: 8
Min <   30: 10
Max Rain: 4.6 ON 8-03-24
Days of Rain: 1 (> .2mm) 1 (> 2mm) 0 (> 20mm)